330231?
21013023
In base 7, what is 254215 + -21444?
232441
In base 16, what is -37a - 46ca?
-4a44
In base 15, what is 40d965 - 1?
40d964
In base 14, what is aa4b + -222?
a829
In base 10, what is -60 - 81359?
-81419
In base 16, what is -1 - -781f6d?
781f6c
In base 15, what is -2 + 250acb?
250ac9
In base 14, what is 2a05 + -145a?
1589
In base 4, what is -203312113 - 111101?
-210023220
In base 5, what is -3211 + -443412441?
-443421202
In base 16, what is 14549fe + -2?
14549fc
In base 13, what is 1022775 + 2?
1022777
In base 11, what is -18aa14a4 + -3?
-18aa14a7
In base 13, what is 38c + -18636?
-18277
In base 14, what is -5299 - -182?
-5117
In base 13, what is 1012c879 - 3?
1012c876
In base 2, what is -1011100000010101 - -1100100110111?
-1001111011011110
In base 14, what is -16b6b1b + -3?
-16b6b20
In base 6, what is -5 + 4410445?
4410440
In base 9, what is -1580 + -36821?
-38511
In base 5, what is 1244040223331 + -3?
1244040223323
In base 4, what is -2003332013 - 112?
-2003332131
In base 7, what is -3 - 3204632600?
-3204632603
In base 4, what is -13322011 + 301302?
-13020103
In base 9, what is -4207 - -182238?
177031
In base 7, what is -5 - -26324214?
26324206
In base 5, what is 4442030312 - -112?
4442030424
In base 11, what is 1552a932 + -4?
1552a929
In base 4, what is -232313 + 1010123?
111210
In base 13, what is -a3b82 + 13?
-a3b6c
In base 13, what is 677032b - -2?
6770330
In base 2, what is -10001110100 - -100000011010011?
11110001011111
In base 12, what is 246b3489b - -4?
246b348a3
In base 14, what is -74057 - 30?
-74087
In base 4, what is 11 + 1313102321332?
1313102322003
In base 15, what is -6721c9 - -1?
-6721c8
In base 11, what is -57 - -3aa04?
3a958
In base 9, what is 1816704 + 243?
1817047
In base 14, what is 2ad4a8 + -74?
2ad434
In base 3, what is 1110002111000 - -120?
1110002111120
In base 10, what is 603 - -171675?
172278
In base 4, what is 233 + 232111001310?
232111002203
In base 7, what is -4633035 - -262?
-4632443
In base 5, what is -10 - 1111004013?
-1111004023
In base 14, what is -5 - -709b032?
709b02b
In base 12, what is -3 + -22327a7?
-22327aa
In base 9, what is 1043360 + -5?
1043354
In base 13, what is -5 - -702a3a9?
702a3a4
In base 3, what is 2211111121012012222 + 12?
2211111121012020011
In base 4, what is 101321 - 1103023?
-1001102
In base 16, what is -6a4d4 + 9?
-6a4cb
In base 4, what is 1000000132021 - 0?
1000000132021
In base 6, what is 1 - 33444153001?
-33444153000
In base 11, what is -72 + -9868?
-992a
In base 5, what is -20330442214 + -3?
-20330442222
In base 8, what is -16747244 - 256?
-16747522
In base 10, what is -32462 - -4118?
-28344
In base 4, what is -332 - -102332020?
102331022
In base 14, what is -4 - -4da75dd?
4da75d9
In base 14, what is 418a338 - 0?
418a338
In base 13, what is 655 - -11c5?
184a
In base 14, what is -2785755a + 0?
-2785755a
In base 8, what is -232644 + 115?
-232527
In base 2, what is 111110101011011100001010 - -10?
111110101011011100001100
In base 2, what is -11 - 10101011111110110011?
-10101011111110110110
In base 9, what is -1581 + -4314?
-6005
In base 13, what is -59bb - -27?
-5994
In base 11, what is -817976 - -6?
-817970
In base 9, what is 7018 + 18232?
26251
In base 10, what is -78984 + 145?
-78839
In base 6, what is 14205 + -2123322?
-2105113
In base 11, what is -4 - 22270a95?
-22270a99
In base 12, what is -2b960 - -2b?
-2b931
In base 6, what is -13202005 - -2?
-13202003
In base 5, what is -23444312112 - -3?
-23444312104
In base 4, what is 11200313221012 + -11?
11200313221001
In base 12, what is -1188 - -119a?
12
In base 11, what is -35 + 245423?
245399
In base 11, what is 65a5 + 894?
7389
In base 8, what is -5 + -10463531?
-10463536
In base 2, what is 100111101011 - 101000101110010100?
-101000000110101001
In base 9, what is 5548105 + -11?
5548084
In base 11, what is 19 + -5a60415?
-5a603a7
In base 7, what is 136612364 - 2?
136612362
In base 4, what is 222212 + -2000?
220212
In base 13, what is 954 + 4c069?
4c9c0
In base 5, what is 2031434004 + 200?
2031434204
In base 9, what is 7 + 10381186?
10381204
In base 13, what is -10317 - -1aa?
-1013a
In base 6, what is 14015 + 3000?
21015
In base 12, what is 12 + -bb8029?
-bb8017
In base 13, what is -9597 - 3098?
-c662
In base 15, what is b532ca5 - -4?
b532ca9
In base 8, what is 2 + 221752?
221754
In base 2, what is -1011 + 10001100100110010101110?
10001100100110010100011
In base 3, what is -111222201 + 212101?
-111010100
In base 15, what is -8664e - -27c?
-863c2
In base 2, what is -10011010100101011011010 - 1?
-10011010100101011011011
In base 14, what is 21 - -1931c6?
193207
In base 3, what is 1021 + 120011001000112?
120011001001210
In base 15, what is -2266e3 - 20?
-226713
In base 7, what is 2650150 - -3?
2650153
In base 10, what is 2480 + 114393?
116873
In base 7, what is -1022041 + 61?
-1021650
In base 11, what is -73807982 + 11?
-73807971
In base 10, what is 1567947 + 8?
1567955
In base 6, what is 5021404 + -23?
5021341
In base 4, what is -200111 - 10313112?
-11113223
In base 3, what is -20000 + 1002110221022?
1002110201022
In base 9, what is -3 - 105681733?
-105681736
In base 5, what is 3 - 111104312131?
-111104312123
In base 11, what is 194a45a + 364?
194a813
In base 7, what is -5 - -1530214213?
1530214205
In base 7, what is 105312262 - -2?
105312264
In base 16, what is -69c4 - 290?
-6c54
In base 11, what is 6359113 - 10?
6359103
In base 15, what is 25d + -58314?
-580a6
In base 5, what is -42131 + -1213432?
-1311113
In base 12, what is -3994 - 847?
-461b
In base 7, what is -6002334 - 113?
-6002450
In base 5, what is -1 + 4110024333?
4110024332
In base 2, what is 101110001101 - -1100000000100?
10001110010001
In base 5, what is 13 + 111432204?
111432222
In base 6, what is -11 - 4511311?
-4511322
In base 5, what is -1 + 12341012442?
12341012441
In base 15, what is 177a6d + 1?
177a6e
In base 13, what is 5 - -112c58?
112c60
In base 3, what is 110222001 - 1210112?
102011112
In base 12, what is -1051a721 + 9?
-1051a714
In base 14, what is -1b6451a + -6?
-1b64522
In base 9, what is -308 - 142578?
-142887
In base 15, what is -47801 + ad?
-47743
In base 4, what is -10321321100 - -3?
-10321321031
In base 11, what is 217 - -18239?
18455
In base 15, what is -5 + cd67?
cd62
In base 2, what is -10 - 101101111011001111010?
-101101111011001111100
In base 10, what is 1243 - 61?
1182
In base 9, what is 484612 - 45?
484556
In base 3, what is 110112122 - 111012010?
-122111
In base 10, what is -23515234 - 1?
-23515235
In base 2, what is -10 + 11110100011101010011?
11110100011101010001
In base 11, what is -1 - -186400?
1863aa
In base 12, what is -113a765 + 1b?
-113a746
In base 14, what is d269a + d76?
d3632
In base 3, what is 1 - 10220212000200?
-10220212000122
In base 6, what is 0 - 10452452253?
-10452452253
In base 10, what is 390 - 364806?
-364416
In base 11, what is 1741 + 21427?
23068
In base 3, what is -10 - -1102021212021?
1102021212011
In base 4, what is 330222003 + 23?
330222032
In base 12, what is -11394031 - 0?
-11394031
In base 2, what is -1000010 + 10000101111010101?
10000101110010011
In base 14, what is 4a6 + 7006?
74ac
In base 10, what is 309374 + 665?
310039
In base 5, what is -21 - -113241233?
113241212
In base 2, what is 0 + 110100100001101011100110100?
110100100001101011100110100
In base 9, what is -1544076 - -25?
-1544051
In base 9, what is 102567 - -83?
102661
In base 3, what is -1100200122 + -10102101?
-1111010000
In base 3, what is 10010122001020 + 2121?
10010122010211
In base 14, what is 255 + -3746b1?
-37445a
In base 13, what is ba867 - 405?
ba462
In base 15, what is 17422ec7 - 6?
17422ec1
In base 6, what is 3 - 12204442310?
-12204442303
In base 16, what is -251d67 + -11?
-251d78
In base 11, what is 5 + -3a16935?
-3a16930
In base 16, what is d15752e - 4?
d15752a
In base 16, what is -5faeb + -20?
-5fb0b
In base 13, what is 471a0 + 8?
471a8
In base 10, what is 3 - -536394?
536397
In base 12, what is -140 + 45219?
45099
In base 10, what is 2973280 + 18?
2973298
In base 13, what is 858a - 1c5?
8395
In base 14, what is -3d + -c058a?
-c05c9
In base 3, what is 0 + 100100002220012?
100100002220012
In base 16, what is 25601476 - 0?
25601476
In base 5, what is 140403 - 4340?
131013
In base 7, what is 564566 - 24?
564542
In base 2, what is